{"version":"1.0","provider_name":"Casa entre Sueve y Picos","provider_url":"https:\/\/casaentresueveypicos.com\/de\/","author_name":"Casa Rural entre Sueve y Picos","author_url":"https:\/\/casaentresueveypicos.com\/de\/author\/traduccion\/","title":"Gran Trail Picos de Europa - Casa entre Sueve y Picos","type":"rich","width":600,"height":338,"html":"<blockquote class=\"wp-embedded-content\" data-secret=\"rDRcxwEhIY\"><a href=\"https:\/\/casaentresueveypicos.com\/de\/gran-trail-picos-de-europa\/\">Gran Trail Picos de Europa<\/a><\/blockquote><iframe sandbox=\"allow-scripts\" security=\"restricted\" src=\"https:\/\/casaentresueveypicos.com\/de\/gran-trail-picos-de-europa\/embed\/#?secret=rDRcxwEhIY\" width=\"600\" height=\"338\" title=\"&#8222;Gran Trail Picos de Europa&#8220; &#8211; Casa entre Sueve y Picos\" data-secret=\"rDRcxwEhIY\" frameborder=\"0\" marginwidth=\"0\" marginheight=\"0\" scrolling=\"no\" class=\"wp-embedded-content\"><\/iframe><script>\n\/*! This file is auto-generated *\/\n!function(d,l){\"use strict\";l.querySelector&&d.addEventListener&&\"undefined\"!=typeof URL&&(d.wp=d.wp||{},d.wp.receiveEmbedMessage||(d.wp.receiveEmbedMessage=function(e){var t=e.data;if((t||t.secret||t.message||t.value)&&!\/[^a-zA-Z0-9]\/.test(t.secret)){for(var s,r,n,a=l.querySelectorAll('iframe[data-secret=\"'+t.secret+'\"]'),o=l.querySelectorAll('blockquote[data-secret=\"'+t.secret+'\"]'),c=new RegExp(\"^https?:$\",\"i\"),i=0;i<o.length;i++)o[i].style.display=\"none\";for(i=0;i<a.length;i++)s=a[i],e.source===s.contentWindow&&(s.removeAttribute(\"style\"),\"height\"===t.message?(1e3<(r=parseInt(t.value,10))?r=1e3:~~r<200&&(r=200),s.height=r):\"link\"===t.message&&(r=new URL(s.getAttribute(\"src\")),n=new URL(t.value),c.test(n.protocol))&&n.host===r.host&&l.activeElement===s&&(d.top.location.href=t.value))}},d.addEventListener(\"message\",d.wp.receiveEmbedMessage,!1),l.addEventListener(\"DOMContentLoaded\",function(){for(var e,t,s=l.querySelectorAll(\"iframe.wp-embedded-content\"),r=0;r<s.length;r++)(t=(e=s[r]).getAttribute(\"data-secret\"))||(t=Math.random().toString(36).substring(2,12),e.src+=\"#?secret=\"+t,e.setAttribute(\"data-secret\",t)),e.contentWindow.postMessage({message:\"ready\",secret:t},\"*\")},!1)))}(window,document);\n\/\/# sourceURL=https:\/\/casaentresueveypicos.com\/wp-includes\/js\/wp-embed.min.js\n<\/script>\n","thumbnail_url":"https:\/\/casaentresueveypicos.com\/wp-content\/uploads\/2021\/05\/carrera-montana.jpg","thumbnail_width":640,"thumbnail_height":427,"description":"https:\/\/www.gtpe.es\/ Gran Trail Picos de Europa &#8211; Benia de On\u00eds, 25 km &#8211; 27 min vom Haus entfernt Eines der renommiertesten Rennen an der Kantabrischen K\u00fcste. Er wird am 26. Juni 2021 um 05.00 Uhr stattfinden. Ausgangspunkt ist Benia de On\u00eds. Es durchquert den Nationalpark Los Picos de Europa und f\u00fchrt durch ber\u00fchmte Sehensw\u00fcrdigkeiten wie [&hellip;]"}

https://www.gtpe.es/ Gran Trail Picos de Europa &#8211; Benia de Onís, 25 km &#8211; 27 min vom Haus entfernt Eines der renommiertesten Rennen an der Kantabrischen Küste. Er wird am 26. Juni 2021 um 05.00 Uhr stattfinden. Ausgangspunkt ist Benia de Onís. Es durchquert den Nationalpark Los Picos de Europa und führt durch berühmte Sehenswürdigkeiten wie [&hellip;]
